uppose -f + 5 = 4*d - 0, -5*f = -4*d - 25. Suppose d*g - 10 = -5*g. Calculate the greatest common factor of g and 1.
1
Suppose t - 18 = 2*t + 5*i, -25 = 5*i. Suppose 6*r - t*r = -14. Let p = -5 + 7. What is the greatest common divisor of r and p?
2
Let j be 620/26 + (-16)/(-104). What is the greatest common factor of j and 384?
24
Let r(d) = -3*d + 83. Let x be r(21). Calculate the greatest common divisor of 44 and x.
4
Let d(r) = -r**3 - 5*r**2 + 20*r + 97. Let g be d(-6). Calculate the highest common divisor of 767 and g.
13
Let n be ((-204)/(-14))/(40/840). Suppose -52*d + n = -50*d. What is the greatest common divisor of d and 17?
17
Let c be 77 + (0*4/(-16) - -3). Let u = 92 - c. What is the highest common factor of 4 and u?
4
Suppose -5*w = -29 - 21. Let n = 2064 + -2054. Calculate the highest common factor of w and n.
10
Suppose -t = 3*t - 8*t. Suppose t = -7*h + 49 + 42. What is the greatest common divisor of h and 182?
13
Let x be (-24)/(-108) + (1 - 2/9). Suppose 2*y - 32 = -4*n, 7*y = 3*n + 2*y - 37. What is the greatest common factor of n and x?
1
Suppose 311 = 10*l - 489. Calculate the greatest common factor of 64 and l.
16
Let f = 334 + -331. Calculate the greatest common factor of 51 and f.
3
Let n(t) be the second derivative of t**3/6 - 3*t**2 - 9*t. Let i be n(-6). Let q = -6 - i. What is the greatest common factor of q and 18?
6
Let y be 2*-1*(-315)/14. Suppose -10 = -3*a + 17. What is the greatest common divisor of a and y?
9
Let v be (25/(-3))/(1/(-3)). Suppose 0 = -2*q + 2*f + 755 - 721, -4*q - 2*f + 116 = 0. Calculate the greatest common divisor of q and v.
25
Let d = -2 + -15. Let r(b) = b - 8. Let w be r(d). Let k = w - -65. Calculate the highest common factor of k and 8.
8
Suppose 0 = -4*y - 5*s + 111, -y + 18 = 18*s - 20*s. Calculate the highest common divisor of y and 40.
8
Let h = -28 + 171. Let b = 4285 - 4272. Calculate the highest common divisor of h and b.
13
Let l = 20 - 15. Suppose l*c = 4*v + 42, 2*v - v + 3 = 0. What is the highest common divisor of c and 4?
2
Let p be (63/2)/(69/368). What is the greatest common factor of 210 and p?
42
Let z = 42 + -37. Suppose 2*n - 4*k - 272 = 0, -5*n - z*k = -10*n + 655. Calculate the greatest common divisor of n and 18.
18
Let a = 32 + -22. Suppose 0*f = -f + a. Suppose 0 = 5*n - 12 - 8. Calculate the greatest common divisor of n and f.
2
Let q be (-2139)/(-18) - (-56)/48. Calculate the highest common divisor of 264 and q.
24
Let k be (-47187)/214*(8/6 - 2). What is the highest common factor of k and 98?
49
Let p = 13 - -2. Let o(n) = 46*n - 3. Let w(g) = -g + 7. Let v be w(4). Let c be o(v). Calculate the highest common factor of c and p.
15
Let x be (2*-13)/(6/21). Suppose 6*u = 9*u - 63. Let h be 7/(u/6) - x. Calculate the highest common divisor of 31 and h.
31
Let b(d) = -d + 5. Let k be b(5). Suppose 5*h = 2*a + a - 68, 2*a + 5*h - 12 = k. What is the greatest common divisor of a and 144?
16
Suppose -25*o = -7*o - 3960. Calculate the greatest common divisor of o and 55.
55
Let x be -7 + 0*(-5)/(-10). Let s(j) = -j + 11. Let k be s(x). Calculate the highest common divisor of 126 and k.
18
Suppose 0 = 4*n, 2*n + 20 = 5*c - 40. Suppose -2*a - 5*i + 8 = 0, 4 = a + 3*i - 1. Let l = 9 + a. Calculate the greatest common divisor of l and c.
4
Let o = 133 + -114. Let j(a) = -a + 59. Let u be j(o). Suppose -s = -3*t - 2, 4*s - 4*t - 19 = -3. What is the greatest common factor of s and u?
5
Let y = 2942 - 2904. What is the highest common factor of y and 2774?
38
Suppose -18*k + 11*k + 28 = 0. Suppose a = -k*h + 62, -11*a = -2*h - 9*a + 36. Let w(g) = 8*g. Let b be w(6). What is the greatest common divisor of h and b?
16
Let g = 296 - 286. Let m(i) = -2*i + 14. Let t be m(-8). Calculate the highest common divisor of t and g.
10
Suppose 0*q + 100 = 4*q. Let k(f) = -46*f - 5. Let v be k(-5). Calculate the greatest common divisor of q and v.
25
Let n(j) = -27*j + 107. Let t be n(3). Calculate the greatest common factor of t and 1313.
13
Let f = 74 - 54. Let u = 4 + -6. Let a be 8 + -5 - 1*u. Calculate the highest common divisor of f and a.
5
Let u(j) be the first derivative of j**2 - 10*j - 5. Let a be u(6). Calculate the greatest common factor of a and 22.
2
Let y(k) = -k**3 - 4*k**2 - k + 1. Let l be y(-4). Suppose -p = -2*s - 36, 49*p - 48*p = -2*s + 44. What is the greatest common factor of l and p?
5
Let t = -49 - -82. Suppose 0 = 2*p + 26 + 6. Let x = 6 - p. Calculate the highest common factor of t and x.
11
Let a(o) = 5*o**2 + 6*o + 39. Let s(k) = -4*k**2 - 7*k - 38. Let j(l) = 5*a(l) + 6*s(l). Let d be j(15). Calculate the greatest common factor of 2 and d.
2
Suppose 4*n - 131 - 249 = -4*q, 0 = -3*q - 4*n + 287. What is the highest common divisor of q and 837?
93
Let x(g) be the third derivative of -g**6/120 + g**5/12 + 11*g**4/24 - 2*g**3 - 19*g**2. Let y be x(6). What is the greatest common factor of y and 162?
18
Suppose 403*p - 784*p - 252 = -388*p. Suppose 5*u - 863 = 2*u + o, o - 577 = -2*u. Calculate the greatest common divisor of p and u.
36
Let v = 398 - 328. What is the highest common factor of v and 98?
14
Let q be 1/(-2)*0 + -12. Let d(t) = -2*t**2 + 30*t + 24. Let x be d(16). Let f = x - q. Calculate the highest common factor of f and 16.
4
Let q(b) = 4*b**3 - 2*b**2 - 5*b - 3. Let m be q(3). Let u be (-1 - 0) + 1 - -31. Let o = u - 13. Calculate the greatest common divisor of m and o.
18
Let l = -3 - -4. Suppose 5*y + 3*x - 52 = 0, -16*y + 39 = -12*y + 5*x. Calculate the greatest common factor of l and y.
1
Let x be -1*(8/(-2) - -6). Let k be (3 + 19/x)*-2. Let h = 1 - -12. What is the greatest common divisor of h and k?
13
Suppose -224 = -3*x + 76. Let v = 10 + -5. Let y be 20*2 + 0/v. What is the greatest common divisor of y and x?
20
Let b be (33/(-12))/((-2)/48). Let z = -3 - -1. Let y be z/3*(-7 + -2). What is the highest common factor of y and b?
6
Let d = 7 + 6. What is the highest common factor of 312 and d?
13
Let h(f) be the second derivative of 2*f**5/5 + f**4/12 - f**3/6 - f**2/2 - 28*f. Let z be h(1). Calculate the highest common factor of 7 and z.
7
Let v be 3 - (2/(-4))/(3/6). What is the greatest common divisor of v and 74?
2
Suppose -4*j + 3*j = -15. Let i = j - 13. Let r be ((-504)/60)/(i/(-20)). Calculate the highest common divisor of 12 and r.
12
Let k be -58*((-6)/(-12) + -7). Calculate the highest common divisor of 29 and k.
29
Suppose 3*f + 350 = 13*f. Suppose -4*z + 19 = -1. Calculate the highest common factor of z and f.
5
Let v(q) = 107*q + 543. Let y be v(-5). Let l = -45 - -77. What is the greatest common factor of l and y?
8
Let h(w) = w - 11. Let s(u) = -u + 22. Let f(j) = 5*h(j) + 3*s(j). Let n be f(-16). Let x = n + 47. What is the greatest common divisor of 78 and x?
26
Suppose 3*x + 0 - 9 = 0. Suppose -77 = -x*w + 13. What is the greatest common factor of w and 240?
30
Let c be 4/((-4)/(-1))*-21. Let s = 29 + c. Calculate the highest common factor of 16 and s.
8
Let z be (-235)/(-45) - (-2 - 60/(-27)). Suppose -z*i + 113 = -207. What is the highest common divisor of i and 48?
16
Let v(d) = -d**2 - 33*d + 2. Let j be v(-33). Calculate the greatest common divisor of 166 and j.
2
Let c(b) = b**3 - 3*b**2 + 4. Let z be c(3). Suppose 17 + 43 = 15*o. Calculate the greatest common factor of z and o.
4
Let q = -14 - -82. Calculate the greatest common factor of q and 153.
17
Suppose 0 = -4*k + 15 + 9. Suppose -o - k = -3*o. Suppose -5*a - v + 71 = -0*a, 5*a - 63 = -o*v. Calculate the greatest common factor of a and 165.
15
Let l = -180 + 268. Let p = l - 79. Calculate the greatest common factor of 81 and p.
9
Suppose -2*c - 2*c + 2*t + 58 = 0, 0 = 2*t + 10. Let o be (-66)/4*(-104)/c. Calculate the highest common factor of 13 and o.
13
Suppose -4*c + 2 = 3*v - 2*c, 2*v + 6 = -5*c. What is the greatest common factor of 206 and v?
2
Let k(j) = 33*j**3 - 2*j**2 + 1. Let v be k(1). Let s be (5 - 3) + (6 - 0). Let x = s + 8. Calculate the greatest common divisor of x and v.
16
Suppose 0 = -u - 2*u + 5*q + 639, 2*u = 4*q + 428. Let v be (348/27 - 10)/(1/9). Calculate the greatest common divisor of u and v.
26
Let i = 498 - 141. Calculate the highest common factor of i and 102.
51
Let p(s) = s**3 - 2*s**2 - 4*s - 28. Let z be p(-8). Let